{"id":117,"date":"2019-05-31T22:26:25","date_gmt":"2019-05-31T22:26:25","guid":{"rendered":"http:\/\/ttc-zimmern.de\/?page_id=117"},"modified":"2019-05-31T22:33:59","modified_gmt":"2019-05-31T22:33:59","slug":"impressum-rechtliches","status":"publish","type":"page","link":"http:\/\/ttc-zimmern.de\/?page_id=117","title":{"rendered":"Impressum \/ Rechtliches"},"content":{"rendered":"<div id=\"pl-gb117-69f3cf1387ab0\"  class=\"panel-layout\" ><div id=\"pg-gb117-69f3cf1387ab0-0\"  class=\"panel-grid panel-no-style\" ><div id=\"pgc-gb117-69f3cf1387ab0-0-0\"  class=\"panel-grid-cell\" ><div id=\"panel-gb117-69f3cf1387ab0-0-0-0\" class=\"so-panel widget widget_text panel-first-child panel-last-child\" data-index=\"0\" >\t\t\t<div class=\"textwidget\"><p>Internetseiten, herausgegeben vom Verein TTC-Zimmern e.V. gem\u00e4\u00df \u00a7 5 TMG<\/p>\n<p>TTC-Zimmern e.V.<br \/>\nAm Kist 8<br \/>\n97842 Karbach<\/p>\n<p>Telefon: 09391-915064<br \/>\nE-Mailadresse: vorstand [at] ttc-zimmern.de<\/p>\n<p>Vertretungsberechtigt gem\u00e4\u00df \u00a7 26 BGB:<\/p>\n<p>Thomas Harth, 1. Vorsitzender<br \/>\nDietmar Benner, 2. Vorsitzender<\/p>\n<p>Registergericht und Registernummer:<\/p>\n<p>Zust\u00e4ndiges Registergericht: Amtsgericht Gem\u00fcnden am Main<br \/>\nRegisternummer: VR 306<\/p>\n<p>Inhaltlich verantwortlich gem\u00e4\u00df \u00a7 55 Abs. 2 RStV:<\/p>\n<p>1. Vorsitzender: Thomas Harth (Anschrift wie oben)<\/p>\n<\/div>\n\t\t<\/div><\/div><\/div><\/div>","protected":false},"excerpt":{"rendered":"<p>Internetseiten, herausgegeben vom Verein TTC-Zimmern e.V. gem\u00e4\u00df \u00a7 5 TMG TTC-Zimmern e.V. Am Kist 8 97842 Karbach Telefon: 09391-915064 E-Mailadresse: vorstand [at] ttc-zimmern.de Vertretungsberechtigt gem\u00e4\u00df \u00a7 26 BGB: Thomas Harth, 1. Vorsitzender Dietmar Benner, 2. Vorsitzender Registergericht und Registernummer: Zust\u00e4ndiges Registergericht: Amtsgericht Gem\u00fcnden am Main Registernummer: VR 306 Inhaltlich verantwortlich gem\u00e4\u00df \u00a7 55 Abs. 2 &hellip; <a href=\"http:\/\/ttc-zimmern.de\/?page_id=117\" class=\"more-link\"><span class=\"screen-reader-text\">Impressum \/ Rechtliches<\/span> weiterlesen <span class=\"meta-nav\">&rarr;<\/span><\/a><\/p>\n","protected":false},"author":1,"featured_media":0,"parent":0,"menu_order":0,"comment_status":"closed","ping_status":"closed","template":"","meta":{"footnotes":""},"class_list":["post-117","page","type-page","status-publish","hentry"],"_links":{"self":[{"href":"http:\/\/ttc-zimmern.de\/index.php?rest_route=\/wp\/v2\/pages\/117","targetHints":{"allow":["GET"]}}],"collection":[{"href":"http:\/\/ttc-zimmern.de\/index.php?rest_route=\/wp\/v2\/pages"}],"about":[{"href":"http:\/\/ttc-zimmern.de\/index.php?rest_route=\/wp\/v2\/types\/page"}],"author":[{"embeddable":true,"href":"http:\/\/ttc-zimmern.de\/index.php?rest_route=\/wp\/v2\/users\/1"}],"replies":[{"embeddable":true,"href":"http:\/\/ttc-zimmern.de\/index.php?rest_route=%2Fwp%2Fv2%2Fcomments&post=117"}],"version-history":[{"count":3,"href":"http:\/\/ttc-zimmern.de\/index.php?rest_route=\/wp\/v2\/pages\/117\/revisions"}],"predecessor-version":[{"id":123,"href":"http:\/\/ttc-zimmern.de\/index.php?rest_route=\/wp\/v2\/pages\/117\/revisions\/123"}],"wp:attachment":[{"href":"http:\/\/ttc-zimmern.de\/index.php?rest_route=%2Fwp%2Fv2%2Fmedia&parent=117"}],"curies":[{"name":"wp","href":"https:\/\/api.w.org\/{rel}","templated":true}]}}

<div id="pl-gb117-69f3cf1387ab0"  class="panel-layout" ><div id="pg-gb117-69f3cf1387ab0-0"  class="panel-grid panel-no-style" ><div id="pgc-gb117-69f3cf1387ab0-0-0"  class="panel-grid-cell" ><div id="panel-gb117-69f3cf1387ab0-0-0-0" class="so-panel widget widget_text panel-first-child panel-last-child" data-index="0" >			<div class="textwidget"><p>Internetseiten, herausgegeben vom Verein TTC-Zimmern e.V. gemäß § 5 TMG</p>
<p>TTC-Zimmern e.V.<br />
Am Kist 8<br />
97842 Karbach</p>
<p>Telefon: 09391-915064<br />
E-Mailadresse: vorstand [at] ttc-zimmern.de</p>
<p>Vertretungsberechtigt gemäß § 26 BGB:</p>
<p>Thomas Harth, 1. Vorsitzender<br />
Dietmar Benner, 2. Vorsitzender</p>
<p>Registergericht und Registernummer:</p>
<p>Zuständiges Registergericht: Amtsgericht Gemünden am Main<br />
Registernummer: VR 306</p>
<p>Inhaltlich verantwortlich gemäß § 55 Abs. 2 RStV:</p>
<p>1. Vorsitzender: Thomas Harth (Anschrift wie oben)</p>
</div>
		</div></div></div></div>

<p>Internetseiten, herausgegeben vom Verein TTC-Zimmern e.V. gemäß § 5 TMG TTC-Zimmern e.V. Am Kist 8 97842 Karbach Telefon: 09391-915064 E-Mailadresse: vorstand [at] ttc-zimmern.de Vertretungsberechtigt gemäß § 26 BGB: Thomas Harth, 1. Vorsitzender Dietmar Benner, 2. Vorsitzender Registergericht und Registernummer: Zuständiges Registergericht: Amtsgericht Gemünden am Main Registernummer: VR 306 Inhaltlich verantwortlich gemäß § 55 Abs. 2 &hellip; <a href="http://ttc-zimmern.de/?page_id=117" class="more-link"><span class="screen-reader-text">Impressum / Rechtliches</span> weiterlesen <span class="meta-nav">&rarr;</span></a></p>
